931187 composite?
False
Is 450376561 a composite number?
False
Is 10368313 prime?
True
Is 1559627 composite?
True
Is 44271367 a prime number?
False
Is 26997365 a composite number?
True
Is 41205181 prime?
True
Is 67121939 prime?
True
Is 14262238 a prime number?
False
Is 1789793 a composite number?
True
Is 9097667 a composite number?
False
Is 2048537 prime?
True
Is 593908781 composite?
False
Is 1738739 a prime number?
True
Is 1619507 composite?
False
Is 167215459 composite?
False
Is 1479713 a prime number?
True
Is 53580257 composite?
True
Is 41092199 composite?
False
Is 283079047 a composite number?
True
Is 582707 a prime number?
False
Is 4162751 composite?
False
Is 247757641 a composite number?
True
Is 68133119 prime?
True
Is 457943 a composite number?
False
Is 96498187 composite?
False
Is 17395529 prime?
True
Is 12553901 composite?
False
Is 124205 a composite number?
True
Is 44443997 composite?
True
Is 7511311 a composite number?
True
Is 71971309 a prime number?
False
Is 24590171 prime?
True
Is 1561367 composite?
False
Is 5396714 a prime number?
False
Is 3407813 a prime number?
True
Is 17746535 a composite number?
True
Is 2073521 a prime number?
True
Is 9886693 prime?
False
Is 459719891 a composite number?
False
Is 5649941 a prime number?
False
Is 13671701 a composite number?
False
Is 695218 a prime number?
False
Is 325096793 composite?
True
Is 1481603 a prime number?
True
Is 216551 prime?
True
Is 6885443 a composite number?
False
Is 7200593 composite?
True
Is 2839513 composite?
True
Is 11495395 a composite number?
True
Is 537023323 composite?
True
Is 14243351 a composite number?
True
Is 1371523 a prime number?
False
Is 169859 a prime number?
True
Is 1181305 prime?
False
Is 47342341 prime?
True
Is 133929463 prime?
False
Is 30884989 a prime number?
True
Is 11689915 a prime number?
False
Is 182141 prime?
True
Is 7758539 a composite number?
True
Is 4293326 prime?
False
Is 16490599 a prime number?
False
Is 285823 prime?
True
Is 30257 a prime number?
False
Is 22757507 a prime number?
True
Is 4893149 prime?
False
Is 45964757 prime?
True
Is 87926 prime?
False
Is 2411393 a composite number?
False
Is 34754 prime?
False
Is 19506301 a prime number?
True
Is 4041305 composite?
True
Is 18500383 a prime number?
False
Is 60066673 a prime number?
True
Is 197731421 a prime number?
True
Is 305673457 a composite number?
True
Is 122010311 composite?
True
Is 20393 composite?
False
Is 1590643 composite?
False
Is 641129 a composite number?
False
Is 20405797 prime?
False
Is 96270547 a composite number?
False
Is 3541709 a prime number?
True
Is 5715741 prime?
False
Is 159219395 composite?
True
Is 4237249 a composite number?
True
Is 18342934 a composite number?
True
Is 348692767 prime?
True
Is 11575397 composite?
False
Is 1933643 a composite number?
False
Is 9464519 composite?
False
Is 3858901 a prime number?
True
Is 2607973 a prime number?
True
Is 941628439 prime?
True
Is 223157 composite?
True
Is 106466717 prime?
False
Is 5745401 a composite number?
True
Is 609618433 a prime number?
True
Is 92558909 a prime number?
True
Is 436549 a prime number?
True
Is 2143291 composite?
True
Is 123908399 composite?
False
Is 1613959 a composite number?
False
Is 8433583 composite?
True
Is 16620827 prime?
True
Is 114638789 a prime number?
True
Is 9011449 a prime number?
False
Is 177223951 prime?
True
Is 17335951 prime?
False
Is 27358273 composite?
False
Is 4842143 prime?
False
Is 1440091 a prime number?
False
Is 14672911 a prime number?
False
Is 2628677 composite?
True
Is 11363731 composite?
True
Is 31369739 composite?
False
Is 786683 prime?
False
Is 8230561 composite?
False
Is 68363489 a composite number?
False
Is 103668434 prime?
False
Is 151760789 a prime number?
True
Is 45231877 composite?
False
Is 49483063 composite?
True
Is 2341781 a composite number?
True
Is 14810623 prime?
True
Is 19718483 composite?
False
Is 16837943 a prime number?
True
Is 1676698 a composite number?
True
Is 1540289 prime?
True
Is 3441323 a prime number?
False
Is 10105913 composite?
False
Is 20439467 a composite number?
True
Is 5543201 prime?
True
Is 7563883 prime?
True
Is 7885379 a prime number?
True
Is 33265513 a composite number?
False
Is 621583 composite?
False
Is 6572543 prime?
True
Is 6664019 prime?
True
Is 295591 a composite number?
False
Is 9856757 a composite number?
False
Is 129325838 composite?
True
Is 247543099 a prime number?
True
Is 2446061 a prime number?
True
Is 26732037 a prime number?
False
Is 2550103 a composite number?
True
Is 58762127 a composite number?
False
Is 307806799 prime?
True
Is 3510539 a composite number?
False
Is 62431097 a composite number?
True
Is 7636973 prime?
False
Is 227908293 a composite number?
True
Is 21908603 a composite number?
False
Is 2351299 prime?
False
Is 13739015 composite?
True
Is 1962277 a composite number?
True
Is 483647 a composite number?
True
Is 80039389 a composite number?
True
Is 64835837 prime?
False
Is 2135593 composite?
True
Is 885827 a prime number?
False
Is 61145153 a composite number?
True
Is 3607522 prime?
False
Is 31028471 a prime number?
False
Is 103944007 a prime number?
False
Is 72203161 a composite number?
False
Is 341169 a composite number?
True
Is 928769 a prime number?
True
Is 165436487 composite?
False
Is 3497917 prime?
False
Is 50026787 a composite number?
False
Is 913487 a composite number?
False
Is 54142003 prime?
True
Is 35923793 prime?
False
Is 115395391 composite?
False
Is 10681 a prime number?
False
Is 607037 a composite number?
False
Is 56054039 a prime number?
True
Is 7980673 composite?
False
Is 2369959 prime?
False
Is 8729411 a composite number?
False
Is 3921023 composite?
False
Is 884021 composite?
True
Is 303166037 composite?
True
Is 1522901 composite?
True
Is 3111281 a prime number?
True
Is 83980373 prime?
True
Is 9352037 a composite number?
False
Is 5708519 prime?
False
Is 663704879 a prime number?
True
Is 16690459 composite?
False
Is 2084689 composite?
False
Is 29538917 a prime number?
True
Is 43144333 a prime number?
False
Is 119391851 prime?
False
Is 52276169 composite?
True
Is 630477929 a composite number?
True
Is 50881021 prime?
True
Is 106006343 a prime number?
False
Is 2142029 prime?
True
Is 61662329 prime?
True
Is 13701833 a prime number?
False
Is 7683491 a composite number?
True
Is 25278047 prime?
False
Is 11726591 composite?
True
Is 5909567 prime?
True
Is 577949 a prime number?
False
Is 645259 prime?
False
Is 46314617 prime?
False
Is 147198547 a prime number?
True
Is 1190603 prime?
False
Is 1386687481 prime?
True
Is 23423 a composite number?
True
Is 4634297 a composite number?
False
Is 83063923 a prime number?
True
Is 71830957 composite?
True
Is 146333581 a prime number?
True
Is 60384521 prime?
False
Is 27316439 prime?
True
Is 30763087 prime?
True
Is 118385353 a composite number?
True
Is 60530467 composite?
False
Is 899571 prime?
False
Is 48008023 prime?
False
Is 68792153 composite?
False
Is 11692567 a prime number?
True
Is 242989 prime?
True
Is 44959721 a composite number?
True
Is 5408399 composite?
True
Is 5244973 composite?
True
Is 1691897 prime?
True
Is 4955209 composite?
True
Is 2291563 composite?
False
Is 131243867 prime?
True
Is 2799667 composite?
True
Is 6683749 a composite number?
False
Is 27907723 prime?
False
Is 1325867 a prime number?
True
Is 4829711 a prime number?
True
Is 10095131 prime?
True
Is 66736529 a composite number?
False
Is 8752847 a composite number?
False
Is 148992359 a prime number?
True
Is 37061249 a composite number?
True
Is 409393541 composite?
True
Is 20609453 a prime number?
False
Is 28009889 a composite number?
False
Is 1289201 prime?
False
Is 18518615 composite?
True
Is 18419 a prime number?
False
Is 25521809 composite?
False
Is 989369 composite?
True
Is 109091621 composite?
False
Is 22118231 a composite number?
True
Is 15786209 composite?
True
Is 22278089 prime?
False
Is 14932721 a composite number?
False
Is 259868837 prime?
True
Is 2230441 prime?
False
Is 55400533 composite?
False
Is 184552513 a prime number?
True
Is 60902305 a prime number?
False
Is 51139819 a prime number?
False
Is 24793969 a composite number?
True
Is 142046453 prime?
False
Is 1038223 prime?
False
Is 18534839 a composite number?
True
Is 8384891 composite?
False
Is 1623494 a composite number?
True
Is 1706683